s divided by 456.
50
Calculate the remainder when 1037875 is divided by 7.
6
Calculate the remainder when 157203 is divided by 133.
130
What is the remainder when 1222 is divided by 469?
284
What is the remainder when 1507 is divided by 88?
11
What is the remainder when 9671 is divided by 1891?
216
Calculate the remainder when 6117 is divided by 148.
49
What is the remainder when 4061108 is divided by 10?
8
What is the remainder when 965 is divided by 133?
34
Calculate the remainder when 3168 is divided by 149.
39
Calculate the remainder when 11216 is divided by 11.
7
Calculate the remainder when 964 is divided by 202.
156
What is the remainder when 302321 is divided by 15?
11
What is the remainder when 10241 is divided by 26?
23
What is the remainder when 28666 is divided by 59?
51
What is the remainder when 587829 is divided by 28?
25
Calculate the remainder when 2577870 is divided by 644466.
6
What is the remainder when 176724 is divided by 782?
774
Calculate the remainder when 2211 is divided by 934.
343
What is the remainder when 11302 is divided by 11299?
3
Calculate the remainder when 138132 is divided by 7674.
0
Calculate the remainder when 31404 is divided by 167.
8
What is the remainder when 1108 is divided by 277?
0
What is the remainder when 85057 is divided by 4050?
7
Calculate the remainder when 10239 is divided by 4689.
861
What is the remainder when 68381 is divided by 34190?
1
What is the remainder when 14167 is divided by 1057?
426
Calculate the remainder when 237341 is divided by 50.
41
What is the remainder when 285937 is divided by 142965?
7
What is the remainder when 64637 is divided by 875?
762
What is the remainder when 460 is divided by 330?
130
Calculate the remainder when 6055 is divided by 44.
27
What is the remainder when 3200 is divided by 266?
8
What is the remainder when 389129 is divided by 255?
254
What is the remainder when 5318 is divided by 596?
550
What is the remainder when 1900 is divided by 458?
68
What is the remainder when 13157 is divided by 97?
62
What is the remainder when 6376 is divided by 59?
4
Calculate the remainder when 42550 is divided by 302.
270
Calculate the remainder when 338545 is divided by 144.
1
Calculate the remainder when 155 is divided by 78.
77
What is the remainder when 2098 is divided by 8?
2
Calculate the remainder when 16459 is divided by 4111.
15
What is the remainder when 2842 is divided by 241?
191
Calculate the remainder when 962055 is divided by 1572.
1563
Calculate the remainder when 218949 is divided by 40.
29
What is the remainder when 156518 is divided by 10?
8
Calculate the remainder when 6828 is divided by 97.
38
What is the remainder when 4930 is divided by 7?
2
What is the remainder when 6391 is divided by 175?
91
What is the remainder when 973 is divided by 955?
18
Calculate the remainder when 3208 is divided by 798.
16
Calculate the remainder when 308473 is divided by 675.
673
What is the remainder when 55608 is divided by 340?
188
Calculate the remainder when 6225 is divided by 255.
105
Calculate the remainder when 3362 is divided by 161.
142
Calculate the remainder when 3336 is divided by 248.
112
Calculate the remainder when 2210 is divided by 433.
45
What is the remainder when 7828 is divided by 11?
7
Calculate the remainder when 3287077 is divided by 740.
737
What is the remainder when 6322 is divided by 1072?
962
What is the remainder when 41381 is divided by 31?
27
What is the remainder when 111499 is divided by 171?
7
Calculate the remainder when 1738 is divided by 1523.
215
What is the remainder when 44876 is divided by 68?
64
Calculate the remainder when 213717 is divided by 17809.
9
What is the remainder when 2617 is divided by 101?
92
Calculate the remainder when 661021 is divided by 9310.
11
What is the remainder when 12656 is divided by 26?
20
What is the remainder when 744198 is divided by 14?
0
Calculate the remainder when 42492 is divided by 42485.
7
What is the remainder when 34959 is divided by 15?
9
What is the remainder when 707 is divided by 56?
35
What is the remainder when 46812 is divided by 46796?
16
Calculate the remainder when 412 is divided by 297.
115
Calculate the remainder when 1065 is divided by 603.
462
What is the remainder when 4239 is divided by 39?
27
Calculate the remainder when 4237 is divided by 1795.
647
Calculate the remainder when 4328 is divided by 1076.
24
Calculate the remainder when 325587 is divided by 837.
831
Calculate the remainder when 60648 is divided by 20209.
21
What is the remainder when 2260797 is divided by 31?
29
What is the remainder when 2859 is divided by 174?
75
What is the remainder when 39749 is divided by 125?
124
What is the remainder when 3806 is divided by 61?
24
Calculate the remainder when 600323 is divided by 241.
233
Calculate the remainder when 4655 is divided by 670.
635
Calculate the remainder when 22681 is divided by 141.
121
Calculate the remainder when 9009 is divided by 8784.
225
What is the remainder when 9633 is divided by 3210?
3
Calculate the remainder when 872 is divided by 73.
69
What is the remainder when 15058 is divided by 470?
18
What is the remainder when 182528 is divided by 21?
17
Calculate the remainder when 96333 is divided by 489.
0
Calculate the remainder when 3720 is divided by 499.
227
What is the remainder when 363718 is divided by 181859?
0
What is the remainder when 45180 is divided by 32?
28
Calculate the remainder when 25314 is divided by 25295.
19
What is the remainder when 34053 is divided by 315?
33
What is the remainder when 18170 is divided by 207?
161
Calculate the remainder when 169586 is divided by 66.
32
Calculate the remainder when 11555 is divided by 13.
11
What is the remainder when 54027 is divided by 15?
12
What is the remainder when 144221 is divided by 641?
637
Calculate the remainder when 627341 is divided by 1638.
1625
What is the remainder when 32748 is divided by 32697?
51
What is the remainder when 8339 is divided by 157?
18
Calculate the remainder when 571412 is divided by 285686.
40
Calculate the remainder when 364957 is divided by 53.
52
Calculate the remainder when 802 is divided by 103.
81
Calculate the remainder when 5579 is divided by 282.
221
Calculate the remainder when 1614 is divided by 537.
3
What is the remainder when 8863 is divided by 374?
261
Calculate the remainder when 8521 is divided by 498.
55
What is the remainder when 1176 is divided by 212?
116
Calculate the remainder when 89879 is divided by 633.
626
What is the remainder when 96631 is divided by 2196?
7
Calculate the remainder when 18417 is divided by 22.
3
What is the remainder when 29601 is divided by 48?
33
What is the remainder when 4229 is divided by 316?
121
What is the remainder when 48035 is divided by 356?
331
What is the remainder when 3411 is divided by 170?
11
What is the remainder when 122901 is divided by 241?
232
Calculate the remainder when 6144 is divided by 313.
197
Calculate the remainder when 246 is divided by 203.
43
Calculate the remainder when 55658 is divided by 23.
21
What is the remainder when 250687 is divided by 905?
2
What is the remainder when 25928 is divided by 13?
6
What is the remainder when 968759 is divided by 60?
59
Calculate the remainder when 31756 is divided by 10569.
49
Calculate the remainder when 2108 is divided by 341.
62
Calculate the remainder when 727 is divided by 233.
28
What is the remainder when 199479 is divided by 155?
149
What is the remainder when 311 is divided by 8?
7
Calculate the remainder when 1276 is divided by 1107.
169
What is the remainder when 71805 is divided by 386?
9
Calculate the remainder when 64113 is divided by 34.
23
What is the remainder when 46518 is divided by 335?
288
Calculate the remainder when 26904 is divided by 8961.
21
Calculate the remainder when 31017 is divided by 110.
107
Calculate the remainder when 508175 is divided by 654.
17
What is the remainder when 876 is divided by 78?
18
What is the remainder when 6920 is divided by 1383?
5
Calculate the remainder when 5613 is divided by 2801.
11
What is the remainder when 244817 is divided by 173?
22
What is the remainder when 3648 is divided by 2804?
844
Calculate the remainder when 84029 is divided by 180.
149
What is the remai